est common factor of 708 and q?
12
Let v = -113 + 117. Calculate the greatest common divisor of v and 20.
4
Let d(u) = u**2 + 12*u + 7. Let k be d(-9). Let l(w) = -w**3 - 20*w**2 - 9*w - 9. Let p be l(k). Calculate the greatest common divisor of 19 and p.
19
Let t = -39 - -63. Suppose -6*x + 41 = 35. Let h be (3/x)/(8 - (5 - -2)). What is the highest common divisor of t and h?
3
Let s be (1 + 1)/(1/4). Let n be (1 + -1 + -6)*16/(-6). Suppose -18*y = -17*y - n. Calculate the highest common factor of s and y.
8
Let a be 4 + -1 + 6/2. Suppose 5 = -5*m + a*m. Suppose 0 = m*w - 4 - 161. What is the greatest common divisor of 3 and w?
3
Let r = 453 - 120. Let f = r + -200. Suppose -4*z + 7 + 73 = -4*c, 2*z = -c + 37. What is the highest common divisor of f and z?
19
Suppose -5*k - 225 = -3*r, 2*r - k + 16 = 159. Let u = 101 + -73. What is the greatest common divisor of u and r?
14
Let x = 333 + -305. Calculate the greatest common divisor of x and 77.
7
Suppose 6*d = 5*p + d - 595, p = -4*d + 99. Calculate the greatest common divisor of p and 5.
5
Let a(k) = k**2 - 9*k + 722. Let b be a(25). What is the greatest common divisor of 66 and b?
66
Let u be (-147)/(-14) - (-1)/2. What is the highest common divisor of 11 and u?
11
Suppose -j + 0*j + 697 = 5*y, 4*j = 3*y - 432. Calculate the greatest common factor of y and 20.
20
Let y be 0 - 2/(1 + (-231)/228). Calculate the highest common factor of 16 and y.
8
Suppose 4*c + 20 = q + c, c = -3. What is the highest common factor of q and 165?
11
Suppose 6*j = 1001 - 137. What is the greatest common factor of 16 and j?
16
Let v(k) = -k**2 - 42*k - 48. Let s be v(-38). Calculate the highest common divisor of 13 and s.
13
Suppose 2*d - 40 + 0 = f, 3*d - 3*f - 54 = 0. Calculate the greatest common factor of 32 and d.
2
Let j = -381 - -421. What is the highest common divisor of 10 and j?
10
Let t be -4 - (-170)/30*(21 - 0). Let d = 119 - t. Calculate the highest common divisor of d and 16.
4
Suppose -v - 24 = -2*i + 3*v, -5*i + 12 = 2*v. Suppose -i*s + 19 = -5. Let c be (14/s)/(4/24). What is the greatest common divisor of 42 and c?
14
Let u be 2*(-1 - (-27)/3). Calculate the greatest common divisor of u and 24.
8
Let v = -167 - -170. What is the highest common divisor of v and 1?
1
Let x = -148 - -159. Let j be 76/6*9/6. Suppose 0 = -3*d - j + 52. What is the highest common factor of d and x?
11
Let r(c) = 3*c**3 - 11*c**2 + 3*c + 6. Let g be r(7). What is the highest common factor of g and 141?
47
Suppose 2*a + 10 = 0, -114 - 130 = -2*o - 4*a. Calculate the highest common divisor of o and 11.
11
Suppose -78 = -3*b + 51. Let p = b - 13. What is the highest common factor of 240 and p?
30
Suppose p - 5 = 0, -8*l + 12*l - 5*p = 111. Calculate the highest common divisor of 51 and l.
17
Suppose 3*l - 5*j = 347, -18*l - 4*j + 420 = -14*l. What is the highest common factor of l and 1199?
109
Let f(r) = 120*r**2 + 11*r + 52. Let y be f(-5). What is the highest common factor of y and 111?
111
Let n(z) = 2*z**3 - 108*z**2 + z - 18. Let f be n(54). Let h(c) = 10*c + 4. Let s be h(5). What is the highest common divisor of f and s?
18
Let w be (-210)/25 + 8 - 167/(-5). What is the greatest common divisor of 99 and w?
33
Let x = 3 + 14. Suppose 5*s - 4*h - 55 = 0, s + h - x = -6. Let g(l) = l**3 + 8*l**2 - 5*l + 4. Let b be g(-7). What is the greatest common divisor of s and b?
11
Let b(y) = 2*y + 18. Let p be b(-6). Let x(q) = q**3 - 4*q**2 - 4*q + 7. Let r be x(p). Calculate the greatest common divisor of 11 and r.
11
Suppose -3*w + 5*z = -229, 5*z + 0*z - 179 = -3*w. What is the highest common divisor of w and 12?
4
Let a be (1430/(-15))/(2/(-3)). Calculate the highest common divisor of 26 and a.
13
Suppose -9 = 3*m - 9. Suppose -68*w + 67*w + 9 = m. Calculate the greatest common factor of 18 and w.
9
Let h be (-215)/(-30) - 4/24. Let c = h + 20. Calculate the greatest common divisor of c and 9.
9
Suppose -2*m = -5*n + 331, 3*n - 5*m = 63 + 147. What is the highest common divisor of n and 221?
13
Let c = 296 - 244. Let m(b) = b**2 - b + 3. Let v be m(0). Suppose d + v*d = c. What is the greatest common factor of d and 104?
13
Suppose -28 = -k + 4*w, -6*w = 3*k - 2*w - 68. Suppose 0 = -11*p + 12*p - k. Let r be (-20)/(-3) + 14/(-21). What is the greatest common divisor of p and r?
6
Let i be 1 + 83 + -3 + -1 + 8. Suppose 20 = -5*d, 19 = -5*o + 2*d + 67. Calculate the greatest common factor of i and o.
8
Let t(q) = -q**3 + 33*q**2 + 3*q + 18. Let g be t(33). Calculate the highest common factor of g and 1053.
117
Suppose -1132 - 432 = -46*b. Let c = -34 - -51. What is the highest common factor of c and b?
17
Let y be -1*6*12/(-8). Suppose 3*r + 321 = y. Let g = -56 - r. Calculate the greatest common factor of 6 and g.
6
Let q be (-5)/(-10) + 6/4. Suppose q*m - 61 = 43. Calculate the greatest common divisor of 13 and m.
13
Suppose x - 6 - 62 = 0. What is the highest common divisor of x and 170?
34
Let a = 1256 - 1223. Let v be (396/(-27))/((-1)/3). What is the greatest common divisor of a and v?
11
Suppose 4*k + 38 = -26. Let y = k - -26. What is the highest common divisor of 5 and y?
5
Let s(f) = 8*f**2 + 19*f + 91. Let k be s(-7). Calculate the highest common factor of 50 and k.
50
Let p(c) = -2*c + 47. Let n be p(15). What is the highest common factor of 68 and n?
17
Let i = 32 + -27. Suppose -i = -6*h + 1. Calculate the highest common divisor of 1 and h.
1
Suppose 0*v - 6*v + 1818 = 0. Suppose -296 = -5*r + 4*h, 0 = 5*r - 0*r + 3*h - v. What is the greatest common divisor of 24 and r?
12
Let l be 0*(3/2 + -2). Suppose 2*a + a = 5*p - 295, l = -4*p - a + 219. Suppose 0 = 4*f, -2*h + f = 2*h - p. Calculate the greatest common factor of h and 2.
2
Let k(w) = w**3 + w**2 + w - 3. Let h be 2/(8/(-4)) + 1. Let o be k(h). Let b be 242/2 - (3 + o). What is the greatest common factor of 11 and b?
11
Let i be (-3)/(-7) + 19422/546. Suppose 2*z + 3*z = o + 44, -2*o = -2*z + 16. What is the highest common factor of z and i?
9
Suppose y - 273 = -5*n + 2*n, 0 = 4*y. Suppose 0 = -4*l - 0*l + 5*g + 72, -g = 4*l - 48. What is the greatest common factor of l and n?
13
Let r be (-116)/(-14) - (-2)/(-7). Let v be (-27)/(-3) + -8 + 15. What is the greatest common factor of r and v?
8
Suppose -23*h = -21*h - 10. Suppose 100 = 9*y - h*y. Calculate the highest common factor of 25 and y.
25
Let j(r) be the second derivative of -r**4/12 + 2*r**3/3 + 2*r**2 + 6*r. Let l be j(3). Let d be (4/6)/(6/63). Calculate the highest common factor of l and d.
7
Suppose -w - 17 = 19. Let z be 2/(-8) + (-3321)/w. Calculate the greatest common factor of 138 and z.
46
Suppose 136 = -8*t - 0*t. Let v(a) = -a**3 - 18*a**2 - 19*a - 29. Let z be v(t). Calculate the greatest common divisor of z and 55.
5
Let j be (-4 - -4) + -3 - (-49 - 2). Suppose 50*d - 110 = j*d. Calculate the highest common divisor of 22 and d.
11
Let f = -4942 + 4943. Let n(k) = k**2 - 3*k + 1. Let y be n(5). What is the highest common divisor of f and y?
1
Suppose -2*q + 54 = q. Let t be -16 + 198 - (0 - -2). Suppose 12*k - 2*k - t = 0. Calculate the highest common factor of q and k.
18
Suppose -n - 139 + 9 = 0. Let y(o) = o**3 + 6*o**2 - 6*o - 8. Let r be y(-8). Let p = r - n. What is the greatest common divisor of 14 and p?
14
Let q be (-4)/10 - 6/15*-261. Let u = q + -67. What is the greatest common factor of u and 407?
37
Let v(x) = x**3 + 8*x**2 - 18*x + 22. Let b be v(-10). What is the highest common factor of b and 34?
2
Suppose -z = -g + 53, 2*z + 4*g + 130 = -0*z. Let a = -31 - z. What is the greatest common factor of a and 39?
13
Let r be 7 + -5 + 1/1. Suppose p - 7 = 8. Calculate the greatest common factor of p and r.
3
Suppose -557 = -12*w + 595. Let y = -11 - -43. Calculate the highest common factor of y and w.
32
Let r(q) = q + 36. Let k be r(0). Suppose -108*j = -23 - 301. What is the highest common divisor of k and j?
3
Suppose -c + 14 - 214 = -2*y, -5*y - 4*c + 526 = 0. What is the highest common factor of y and 238?
34
Let z(n) = -n**3 - 8*n**2 - 7*n - 11. Let m be z(-8). Suppose -7*g + 151 = 25. Calculate the highest common divisor of m and g.
9
Let s(z) = 184*z**2 + 3*z + 3. Let l be s(-1). Calculate the greatest common factor of 23 and l.
23
Suppose 14 = -f + 47. Suppose